 498?
False
Does 1340 divide 3890020?
True
Is 4757508 a multiple of 812?
True
Is 6742684 a multiple of 324?
False
Is 126064 a multiple of 16?
True
Is 37334 a multiple of 85?
False
Is 1342256 a multiple of 9?
False
Is 592008 a multiple of 34?
True
Is 3607172 a multiple of 1005?
False
Is 93613 a multiple of 13?
True
Does 109 divide 94185?
False
Is 7 a factor of 84518?
True
Is 532904 a multiple of 232?
True
Is 6 a factor of 2446650?
True
Is 817 a factor of 2007369?
True
Does 36 divide 26038?
False
Is 24 a factor of 557047?
False
Is 5442336 a multiple of 108?
True
Is 26 a factor of 267184?
False
Is 72 a factor of 33116?
False
Does 78 divide 282965?
False
Does 11 divide 66385?
True
Is 30 a factor of 36360?
True
Does 682 divide 79418?
False
Is 2690642 a multiple of 373?
False
Is 155 a factor of 1648536?
False
Is 313 a factor of 156099?
False
Is 142 a factor of 3207212?
True
Does 25 divide 258172?
False
Does 12 divide 149844?
True
Is 83 a factor of 88189?
False
Does 445 divide 545980?
False
Is 1567117 a multiple of 78?
False
Is 122 a factor of 2327839?
False
Does 16 divide 87680?
True
Does 209 divide 1369368?
True
Is 694344 a multiple of 12?
True
Is 701 a factor of 8349285?
False
Is 7 a factor of 31164?
True
Does 18 divide 2171?
False
Is 258 a factor of 25275228?
True
Does 22 divide 1467805?
False
Does 69 divide 776302?
False
Is 2121362 a multiple of 86?
True
Does 150 divide 93478?
False
Is 6521869 a multiple of 945?
False
Is 42 a factor of 155610?
True
Is 1282965 a multiple of 398?
False
Is 8705197 a multiple of 81?
False
Is 20857 a multiple of 82?
False
Does 41 divide 1213067?
True
Is 155760 a multiple of 118?
True
Does 441 divide 12153?
False
Does 62 divide 615102?
True
Is 187364 a multiple of 62?
True
Is 65 a factor of 46280?
True
Is 188 a factor of 225224?
True
Does 21 divide 109986?
False
Is 138 a factor of 240438?
False
Is 8995936 a multiple of 14?
False
Does 326 divide 947682?
True
Does 5 divide 1151035?
True
Is 164 a factor of 1237216?
True
Does 879 divide 4733415?
True
Is 3 a factor of 100268?
False
Is 259831 a multiple of 79?
True
Is 29 a factor of 636811?
True
Is 934286 even?
True
Does 4 divide 60464?
True
Does 17 divide 248863?
True
Is 471128 a multiple of 329?
True
Is 5730 a multiple of 2?
True
Is 38 a factor of 18962?
True
Is 4 a factor of 22048?
True
Is 213 a factor of 461571?
True
Is 137722 a multiple of 3?
False
Does 52 divide 107627?
False
Is 12 a factor of 128208?
True
Is 5 a factor of 230175?
True
Does 67 divide 16718310?
False
Is 253470 a multiple of 30?
True
Does 295 divide 152515?
True
Is 7 a factor of 35721?
True
Is 65 a factor of 10257796?
False
Does 2 divide 1180?
True
Is 17 a factor of 24295151?
False
Is 1176138 a multiple of 38?
True
Is 3747267 a multiple of 3?
True
Does 383 divide 2386677?
False
Does 13 divide 323778?
True
Does 7 divide 141757?
True
Is 338333 a multiple of 30?
False
Does 29 divide 3864337?
True
Is 19 a factor of 143992?
False
Does 2 divide 14449?
False
Is 218 a factor of 414605?
False
Is 47 a factor of 762528?
True
Is 124505 a multiple of 35?
False
Is 19622156 a multiple of 69?
False
Is 189 a factor of 1740501?
True
Is 9216763 a multiple of 1136?
False
Is 60 a factor of 482640?
True
Is 436 a factor of 1725252?
True
Does 410 divide 228318?
False
Is 1157 a factor of 2367884?
False
Does 148 divide 1961888?
True
Is 110406 a multiple of 6?
True
Does 2 divide 2968?
True
Does 772 divide 2143965?
False
Is 23765 a multiple of 35?
True
Is 189675 a multiple of 3?
True
Does 29 divide 358873?
False
Is 5 a factor of 2850?
True
Does 16 divide 1423648?
True
Is 22 a factor of 13834751?
False
Does 15 divide 72249?
False
Does 6 divide 1502602?
False
Does 859 divide 11161878?
False
Does 353 divide 79960?
False
Is 300423 a multiple of 419?
True
Does 27 divide 2662686?
True
Is 85 a factor of 7536865?
True
Is 2496051 a multiple of 320?
False
Does 877 divide 8315714?
True
Does 67 divide 144519?
True
Is 38854 a multiple of 181?
False
Is 3249345 a multiple of 294?
False
Does 14 divide 538064?
False
Is 7459452 a multiple of 963?
False
Is 150 a factor of 2666100?
True
Is 2921 a multiple of 18?
False
Is 39 a factor of 211263?
True
Is 19 a factor of 27778?
True
Is 534133 a multiple of 71?
True
Is 64 a factor of 9963392?
True
Is 1202880 a multiple of 537?
True
Is 111 a factor of 284788?
False
Is 3598889 a multiple of 170?
False
Is 161 a factor of 35581?
True
Is 6407990 a multiple of 59?
True
Does 28 divide 45670?
False
Is 4809744 a multiple of 1901?
False
Is 9 a factor of 24201?
True
Does 94 divide 9438822?
True
Does 6 divide 1070517?
False
Is 175896 a multiple of 56?
True
Is 189290 a multiple of 115?
True
Does 22 divide 2675128?
False
Is 725280 a multiple of 160?
True
Is 107523 a multiple of 181?
False
Is 33 a factor of 2080650?
True
Is 1036255 a multiple of 15?
False
Is 2937142 a multiple of 8?
False
Is 312873 a multiple of 33?
True
Is 5 a factor of 186605?
True
Is 192909 a multiple of 37?
False
Is 92 a factor of 6440?
True
Is 18385521 a multiple of 231?
True
Does 366 divide 921647?
False
Does 24 divide 1636392?
True
Is 40 a factor of 233560?
True
Is 296100 a multiple of 423?
True
Is 1246 a factor of 5184846?
False
Is 25 a factor of 1492150?
True
Is 10945 a multiple of 5?
True
Is 5705304 a multiple of 88?
True
Is 428661 a multiple of 65?
False
Is 515033 a multiple of 20?
False
Is 1232638 a multiple of 946?
True
Does 10 divide 140568?
False
Is 273 a factor of 148239?
True
Is 2350310 a multiple of 17?
False
Is 1073157 a multiple of 151?
True
Does 11 divide 28897?
True
Is 194 a factor of 380806?
False
Is 112 a factor of 1882004?
False
Does 11 divide 17092?
False
Is 7639481 a multiple of 23?
False
Is 256 a factor of 232448?
True
Is 123 a factor of 226689?
True
Is 46900 a multiple of 67?
True
Does 5 divide 41440?
True
Is 244300 a multiple of 140?
True
Is 11 a factor of 3627381?
False
Is 629775 a multiple of 225?
True
Does 17 divide 528344?
False
Is 24 a factor of 4598568?
True
Is 9 a factor of 3108748?
False
Does 19 divide 2264117?
False
Is 736430 a multiple of 565?
False
Is 913 a factor of 12935?
False
Is 2126328 a multiple of 14?
False
Does 142 divide 337569?
False
Is 6285 a multiple of 2?
False
Is 191 a factor of 21963624?
False
Is 282 a factor of 4724200?
False
Does 1163 divide 5876729?
False
Is 134435 a multiple of 4?
False
Does 270 divide 9650340?
True
Is 82 a factor of 136940?
True
Does 22 divide 23584?
True
Is 2816841 a multiple of 144?
False
Is 7 a factor of 560588?
True
Is 431669 a multiple of 33?
False
Is 330 a factor of 10827960?
True
Is 6 a factor of 2600148?
True
Is 14 a factor of 5754?
True
Does 16 divide 51328?
True
Is 37 a factor of 21179?
False
Is 144923 a multiple of 19?
False
Does 53 divide 378791?
True
Does 1534 divide 4119616?
False
Is 234 a factor of 176046?
False
Is 291 a factor of 19450?
False
Does 38 divide 1785991?
False
Does 473 divide 87505?
True
Does 318 divide 88762?
False
Does 264 divide 14009952?
True
Is 14 a factor of 46340?
True
Is 9 a factor of 210438?
True
Is 75 a factor of 1516727?
False
Is 141 a factor of 4665972?
True
Does 64 divide 492095?
False
Is 84040 a multiple of 88?
True
Does 529 divide 3895556?
True
Is 53 a factor of 11978?
True
Is 14 a factor of 670509?
False
Is 244 a factor of 1112371?
False
Is 21 a factor of 97789?
False
Is 3148056 a multiple of 276?
True
Is 9 a factor of 77184?
True
Does 717 divide 4485103?
False
Is 5 a factor of 51950?
True
Is 58 a factor of 3532142?
True
Is 93 a factor of 700104?
True
Is 24 a factor of 27264?
True
Is 73 a factor of 196332?
False
Is 1774642 a multiple of 166?
False
Is 6450 a multiple of 20?
False
Does 12 divide 646931?
False
Is 15134 a multiple of 94?
True
Does 2 divide 359233?
False
Is 80 a factor of 17804?
False
Is 883 a factor of 6625149?
True
Does 19 divide 10016254?
False
Does 4 divide 194481?
False
Is 4 a factor of 4970767?
False
Is 251687 a multiple of 13?
False
Does 26 divide 41831?
False
Is 713454 a multiple of 69?
False
Is 1048850 a multiple of 50?
True
Is 42 a factor of 2032422?
True
Is 7 a factor of 206180?
False
Does 26 divide 86424?
True
Is 7 a factor of 63833?
True
Does 204 divide 6814008?
True
Does 13 divide 2724744?
False
Is 603501 a multiple of 31?
False
Is 177 a factor of 268440?
False
Is 53280 a multiple of 90?
True
Is 36 a fac